82.
2
What is the greatest common factor of 32689 and 6887?
97
Calculate the greatest common divisor of 64883 and 7657.
403
What is the highest common factor of 18152 and 540?
4
What is the greatest common factor of 26644921 and 37?
37
Calculate the highest common divisor of 10981 and 60048.
139
Calculate the highest common divisor of 1647 and 101382.
183
What is the highest common factor of 446 and 1765268?
446
Calculate the greatest common factor of 61945 and 39.
13
Calculate the highest common factor of 258797 and 2233.
77
What is the highest common divisor of 875 and 32200?
175
What is the greatest common divisor of 94 and 685072?
94
What is the greatest common factor of 51205 and 7942?
209
What is the greatest common divisor of 20298 and 663?
51
What is the greatest common factor of 836 and 12692?
76
What is the highest common factor of 102056 and 152?
8
Calculate the highest common factor of 16047 and 243.
9
What is the greatest common divisor of 20349 and 315?
63
What is the greatest common divisor of 1818 and 3232?
202
Calculate the greatest common divisor of 114 and 84075.
57
What is the highest common factor of 175 and 877025?
25
What is the highest common factor of 59 and 124785?
59
Calculate the greatest common factor of 340 and 912220.
340
What is the highest common factor of 1689750 and 75?
75
What is the greatest common divisor of 572066 and 22?
22
What is the highest common factor of 1884 and 648?
12
What is the greatest common factor of 156 and 1151488?
52
What is the greatest common factor of 623062 and 132?
22
Calculate the greatest common divisor of 10530 and 422955.
1755
What is the highest common factor of 607032 and 4?
4
Calculate the highest common factor of 198199 and 47.
47
Calculate the greatest common factor of 28 and 4843636.
28
Calculate the greatest common factor of 2555 and 36573.
73
What is the highest common factor of 1052 and 2881954?
526
Calculate the greatest common divisor of 434 and 14446.
62
What is the greatest common factor of 35297 and 188?
47
Calculate the greatest common divisor of 811404 and 33.
33
What is the greatest common factor of 1241 and 12921?
73
Calculate the greatest common factor of 10184 and 737.
67
Calculate the greatest common factor of 4908 and 56676.
12
What is the highest common divisor of 18589 and 290?
29
What is the highest common factor of 16 and 401216?
16
Calculate the greatest common factor of 125 and 8025.
25
Calculate the greatest common factor of 256 and 1099504.
16
What is the highest common factor of 174531 and 21?
21
Calculate the greatest common factor of 4727 and 6683.
163
Calculate the greatest common divisor of 380 and 10849.
19
What is the greatest common factor of 1961 and 21465?
53
Calculate the greatest common divisor of 1472 and 392.
8
Calculate the greatest common divisor of 5408 and 960.
32
Calculate the highest common factor of 15 and 42090.
15
Calculate the greatest common divisor of 1068 and 18355716.
1068
Calculate the greatest common divisor of 360 and 1440600.
120
Calculate the greatest common divisor of 57717 and 1908.
477
What is the highest common factor of 11941 and 7?
1
What is the highest common divisor of 22950 and 6600?
150
Calculate the highest common divisor of 1503 and 357881.
167
What is the greatest common divisor of 140 and 50870?
10
What is the greatest common factor of 113257 and 777?
37
Calculate the highest common divisor of 735 and 10335.
15
What is the highest common factor of 2818 and 32?
2
What is the highest common factor of 9044 and 1156?
68
Calculate the greatest common divisor of 36930 and 330.
30
Calculate the greatest common factor of 599530 and 1169.
167
What is the greatest common divisor of 10140 and 76388?
676
What is the highest common factor of 4335 and 969?
51
Calculate the highest common divisor of 508 and 65278.
254
Calculate the greatest common factor of 356 and 694556.
356
What is the highest common divisor of 168 and 292278?
42
What is the greatest common factor of 119 and 15232?
119
Calculate the highest common factor of 791 and 602.
7
Calculate the highest common divisor of 1 and 32957.
1
Calculate the highest common divisor of 41419 and 15799.
427
Calculate the greatest common factor of 520 and 307112.
104
Calculate the highest common factor of 28538 and 304.
38
What is the greatest common factor of 145 and 2005?
5
What is the highest common divisor of 3666 and 162714?
282
What is the highest common divisor of 5 and 46670?
5
What is the highest common factor of 310 and 28737?
31
What is the highest common divisor of 11260 and 2200?
20
Calculate the greatest common divisor of 19630 and 2990.
130
What is the greatest common factor of 563 and 9672903?
563
Calculate the highest common factor of 8051 and 2231.
97
What is the greatest common factor of 9704 and 200?
8
Calculate the greatest common factor of 529032 and 2345.
469
What is the highest common divisor of 1376 and 86?
86
What is the greatest common divisor of 80088 and 48?
24
What is the highest common divisor of 3605583 and 1986?
993
What is the greatest common divisor of 623599 and 171?
19
Calculate the highest common divisor of 116732 and 385.
77
What is the highest common divisor of 567864 and 528?
264
What is the greatest common divisor of 442 and 253912?
34
What is the highest common factor of 136 and 13226?
34
Calculate the greatest common divisor of 164214 and 918.
54
Calculate the highest common divisor of 907 and 212.
1
What is the greatest common divisor of 18974 and 424?
106
What is the highest common factor of 19278761 and 23?
23
What is the greatest common divisor of 3237 and 376986?
249
What is the greatest common divisor of 24 and 44724?
12
What is the greatest common factor of 3304 and 224?
56
Calculate the greatest common factor of 62260 and 20.
20
What is the highest common divisor of 9208 and 44?
4
Calculate the highest common divisor of 180 and 5736330.
90
Calculate the greatest common factor of 3892 and 56.
28
What is the greatest common divisor of 84 and 989002?
14
Calculate the highest common divisor of 10033 and 60277.
79
What is the highest common factor of 1358 and 956711?
679
Calculate the greatest common divisor of 481 and 1392125.
37
Calculate the greatest common factor of 1315912 and 104.
104
Calculate the highest common divisor of 6888 and 9912.
168
Calculate the greatest common factor of 519609 and 9597.
1371
Calculate the highest common divisor of 28943 and 103.
103
What is the greatest common factor of 451542 and 7?
7
Calculate the greatest common divisor of 35958 and 4290.
78
Calculate the highest common divisor of 46009 and 1986.
331
Calculate the highest common divisor of 11176 and 3124.
44
Calculate the greatest common divisor of 428 and 1224.
4
Calculate the highest common divisor of 6893 and 1695.
113
Calculate the highest common factor of 3488452 and 8.
4
What is the greatest common divisor of 79209 and 247?
13
Calculate the greatest common factor of 129 and 840.
3
What is the greatest common factor of 60 and 3063348?
12
Calculate the greatest common factor of 34065 and 2070.
45
Calculate the greatest common factor of 27 and 35613.
27
What is the highest common factor of 462 and 352?
22
What is the highest common divisor of 3074 and 8798?
106
Calculate the greatest common divisor of 257907 and 52.
13
Calculate the highest common factor of 29818 and 34.
34
What is the greatest common factor of 377 and 3367?
13
Calculate the highest common divisor of 988 and 1026.
38
What is the highest common factor of 3276 and 25350?
78
Calculate the highest common divisor of 532 and 133658.
14
What is the greatest common divisor of 34943 and 1263?
421
Calculate the greatest common factor of 468 and 71838.
234
Calculate the highest common divisor of 6006 and 1950.
78
Calculate the highest common factor of 12432 and 4872.
168
What is the highest common factor of 260 and 169325?
65
Calculate the greatest common factor of 3875791 and 19.
19
What is the highest common divisor of 37376 and 73?
73
What is the greatest common divisor of 645 and 3857745?
645
Calculate the greatest common divisor of 1296 and 204.
12
What is the greatest common divisor of 3 and 327?
3
What is the highest common factor of 735 and 22589?
49
What is the hig